rue
Does 75 divide 345675?
True
Is 83 a factor of 694544?
True
Is 267 a factor of 297972?
True
Is 66228 a multiple of 6?
True
Is 205 a factor of 6956825?
False
Is 101662 a multiple of 10?
False
Is 20525690 a multiple of 852?
False
Does 46 divide 124016?
True
Is 237 a factor of 222543?
True
Is 118184 a multiple of 17?
True
Is 5161844 a multiple of 37?
False
Does 7 divide 1632596?
True
Is 8523590 a multiple of 397?
True
Is 228 a factor of 118560?
True
Does 297 divide 869913?
True
Does 268 divide 836696?
True
Is 101 a factor of 127058?
True
Is 118276 a multiple of 43?
False
Does 2 divide 55159?
False
Does 1582 divide 9139214?
True
Is 1390116 a multiple of 3?
True
Is 11 a factor of 37378?
True
Is 5980588 a multiple of 137?
False
Is 20 a factor of 2992?
False
Is 13 a factor of 594663?
False
Is 6966810 a multiple of 486?
True
Is 2122042 a multiple of 13?
True
Is 8518585 a multiple of 9?
False
Is 35 a factor of 559173?
False
Is 7 a factor of 200066?
False
Does 501 divide 426351?
True
Is 8 a factor of 2851829?
False
Is 92 a factor of 2099072?
True
Is 861762 a multiple of 242?
True
Does 13 divide 845471?
False
Does 10 divide 13569827?
False
Does 277 divide 1863933?
True
Is 52 a factor of 11488085?
False
Is 152 a factor of 71744?
True
Is 88 a factor of 5404065?
False
Is 298 a factor of 1685995?
False
Is 129200 a multiple of 68?
True
Is 321263 a multiple of 35?
False
Is 3942708 a multiple of 12?
True
Is 138 a factor of 651222?
True
Does 117 divide 46229?
False
Is 8 a factor of 262072?
True
Does 33 divide 2984237?
False
Does 83 divide 1835379?
True
Is 14 a factor of 16659636?
True
Is 15 a factor of 7232?
False
Is 1248955 even?
False
Is 114 a factor of 277590?
True
Is 64 a factor of 64640?
True
Does 239 divide 7007002?
True
Does 149 divide 97833?
False
Does 8 divide 354837?
False
Does 37 divide 2925867?
False
Is 19402325 a multiple of 432?
False
Is 75 a factor of 53775?
True
Is 2836679 a multiple of 37?
True
Does 2 divide 88553?
False
Is 53 a factor of 100594?
True
Does 339 divide 25833834?
True
Is 59063 a multiple of 123?
False
Is 392 a factor of 10723552?
True
Is 889826 a multiple of 28?
False
Is 312 a factor of 312312?
True
Is 34727539 a multiple of 11?
True
Is 78 a factor of 178623?
False
Is 2743551 a multiple of 96?
False
Is 78719 a multiple of 9?
False
Does 54 divide 4541184?
True
Is 728 a factor of 1256650?
False
Does 15 divide 2005560?
True
Is 18 a factor of 280098?
True
Does 24 divide 2304?
True
Is 24 a factor of 361019?
False
Is 277855 a multiple of 305?
True
Is 642917 a multiple of 11?
True
Is 3 a factor of 1017?
True
Does 15 divide 20587?
False
Is 362 a factor of 215719?
False
Is 625296 a multiple of 16?
True
Does 17 divide 2161839?
True
Is 405587 a multiple of 13?
True
Is 45 a factor of 184659?
False
Does 188 divide 211688?
True
Does 13 divide 76206?
True
Does 25 divide 1407350?
True
Is 46 a factor of 53268?
True
Does 1612 divide 7850440?
True
Is 61 a factor of 4439397?
True
Is 100 a factor of 8561349?
False
Is 54 a factor of 5250475?
False
Is 178 a factor of 440550?
True
Is 38 a factor of 110542?
True
Is 57176 a multiple of 14?
True
Is 27 a factor of 274833?
True
Is 55 a factor of 50270?
True
Is 10 a factor of 119440?
True
Is 1761716 a multiple of 465?
False
Is 1216200 a multiple of 20?
True
Is 353612 a multiple of 73?
True
Is 16 a factor of 195730?
False
Is 30 a factor of 5295840?
True
Is 1851 a factor of 22692761?
False
Is 1147 a multiple of 31?
True
Is 98 a factor of 124950?
True
Is 6274057 a multiple of 97?
True
Is 4695877 a multiple of 33?
False
Is 530278 a multiple of 29?
False
Is 390 a factor of 305951?
False
Is 73 a factor of 2595880?
True
Is 42 a factor of 180978?
True
Is 375552 a multiple of 384?
True
Is 64 a factor of 226001?
False
Is 12 a factor of 364176?
True
Does 13 divide 3362449?
False
Is 30446 a multiple of 13?
True
Does 14 divide 1128387?
False
Is 1989933 a multiple of 133?
False
Is 349605 a multiple of 244?
False
Is 7227974 a multiple of 10?
False
Is 12 a factor of 1493796?
True
Is 27 a factor of 352431?
True
Is 5254160 a multiple of 16?
True
Does 83 divide 660990?
False
Is 1513340 a multiple of 340?
True
Is 21 a factor of 2463734?
False
Is 58940 a multiple of 20?
True
Is 18 a factor of 92160?
True
Does 20 divide 19189?
False
Is 552 a factor of 149040?
True
Does 144 divide 829694?
False
Is 97 a factor of 1727747?
False
Does 3 divide 464034?
True
Is 192220 a multiple of 204?
False
Does 25 divide 152638?
False
Does 8 divide 670228?
False
Does 3 divide 73309?
False
Does 155 divide 238700?
True
Is 302 a factor of 2754184?
False
Is 471861 a multiple of 2?
False
Is 449 a factor of 21103?
True
Does 12 divide 683328?
True
Is 368550 a multiple of 90?
True
Is 5843475 a multiple of 75?
True
Is 15 a factor of 2856150?
True
Does 111 divide 1780995?
True
Does 10 divide 4449183?
False
Is 34 a factor of 3349544?
True
Does 677 divide 976234?
True
Is 3 a factor of 51345?
True
Is 4938840 a multiple of 1076?
True
Does 422 divide 825010?
True
Does 107 divide 66536?
False
Is 7 a factor of 1319143?
True
Is 11 a factor of 2831983?
True
Is 1058232 a multiple of 28?
True
Is 155 a factor of 1234657?
False
Is 94038 a multiple of 4?
False
Is 481167 a multiple of 251?
True
Is 2 a factor of 5314?
True
Does 412 divide 1062548?
True
Does 530 divide 478182?
False
Does 791 divide 6414219?
True
Does 15 divide 60427?
False
Does 7 divide 585578?
True
Is 66258 a multiple of 12?
False
Does 48 divide 7744704?
True
Is 2992324 a multiple of 853?
True
Is 234 a factor of 20780370?
True
Is 102 a factor of 2620614?
False
Is 10953 a multiple of 9?
True
Is 22 a factor of 423160?
False
Does 520 divide 441480?
True
Does 7 divide 56413?
True
Does 4 divide 31564?
True
Is 2759454 a multiple of 137?
True
Is 2403450 a multiple of 294?
True
Is 104 a factor of 1162068?
False
Does 17 divide 269654?
True
Is 82 a factor of 138580?
True
Is 1230 a factor of 4693680?
True
Is 145808 a multiple of 245?
False
Does 320 divide 103360?
True
Is 4 a factor of 5600723?
False
Is 4 a factor of 106406?
False
Does 62 divide 1746416?
True
Is 186480 a multiple of 10?
True
Is 25 a factor of 67471?
False
Is 1253 a factor of 216769?
True
Does 355 divide 198368?
False
Is 68930 a multiple of 111?
False
Does 70 divide 142310?
True
Is 345274 a multiple of 36?
False
Does 25 divide 191500?
True
Does 84 divide 211260?
True
Is 214317 a multiple of 2?
False
Is 7763533 a multiple of 19?
True
Is 543607 a multiple of 5?
False
Is 622 a factor of 626354?
True
Is 5637391 a multiple of 8?
False
Does 14 divide 935797?
False
Is 1303528 a multiple of 232?
False
Does 24 divide 74431?
False
Is 10343949 a multiple of 11?
True
Is 123 a factor of 2583?
True
Is 63 a factor of 434385?
True
Is 57620 a multiple of 20?
True
Does 9 divide 147253?
False
Does 18 divide 53046?
True
Is 426816 a multiple of 39?
True
Is 106 a factor of 10071590?
True
Does 90 divide 141585?
False
Is 6 a factor of 42311?
False
Is 1343395 a multiple of 464?
False
Is 4 a factor of 78964?
True
Does 39 divide 269685?
True
Is 688191 a multiple of 293?
False
Is 574 a factor of 15990492?
True
Is 726071 a multiple of 5?
False
Is 187 a factor of 83589?
True
Is 1630 a factor of 656890?
True
Does 84 divide 2374512?
True
Is 11 a factor of 101167?
True
Is 206745 a multiple of 497?
False
Does 3 divide 96504?
True
Is 6 a factor of 607836?
True
Is 25 a factor of 13904550?
True
Is 231 a factor of 4943120?
False
Is 102 a factor of 550290?
True
Is 502108 a multiple of 180?
False
Is 2785 a multiple of 4?
False
Is 380 a factor of 112860?
True
Does 126 divide 1709904?
False
Is 38 a factor of 13718?
True
Is 867553 a multiple of 75?
False
Is 30 a factor of 87720?
True
Is 2674954 a multiple of 294?
False
Is 25 a factor of 230550?
True
Is 386 a factor of 25476?
True
Is 8 a factor of 18559?
False
Is 842 a factor of 816549?
False
Is 1549289 a multiple of 7?
True
Does 194 divide 204581?
False
Does 26 divide 111266?
False
Is 127276 a multiple of 29?
False
Is 1786224 a multiple of 132?
True
Is 403799 a multiple of 42?
False
Does 14 divide 4255636?
True
Is 11 a factor of 13563?
True
Does 360 divide 12372266?
False
Does 206 divide 366411?
False
Is 642 a factor of 1700016?
True
Is 165 a factor of 338908?
False
Is 3583548 a multiple of 108?
True
Does 4 divide 39094?
False
Is 25 a factor